{"id":36,"date":"2025-03-15T13:24:19","date_gmt":"2025-03-15T12:24:19","guid":{"rendered":"https:\/\/lawash.es\/masterlawash\/?page_id=36"},"modified":"2025-05-06T13:30:16","modified_gmt":"2025-05-06T11:30:16","slug":"ventajas-del-negocio","status":"publish","type":"page","link":"https:\/\/lawash.es\/masterlawash\/ventajas-del-negocio\/","title":{"rendered":"Ventajas del negocio"},"content":{"rendered":"\t\t<div data-elementor-type=\"wp-page\" data-elementor-id=\"36\" class=\"elementor elementor-36\" data-elementor-post-type=\"page\">\n\t\t\t\t\t\t<section class=\"elementor-section elementor-top-section elementor-element elementor-element-fd1ed6a elementor-section-boxed elementor-section-height-default elementor-section-height-default\" data-id=\"fd1ed6a\" data-element_type=\"section\">\n\t\t\t\t\t\t<div class=\"elementor-container elementor-column-gap-default\">\n\t\t\t\t\t<div class=\"elementor-column elementor-col-100 elementor-top-column elementor-element elementor-element-9ba6ea9\" data-id=\"9ba6ea9\" data-element_type=\"column\">\n\t\t\t<div class=\"elementor-widget-wrap elementor-element-populated\">\n\t\t\t\t\t\t<div class=\"elementor-element elementor-element-caf9d54 elementor-widget elementor-widget-header_widget\" data-id=\"caf9d54\" data-element_type=\"widget\" data-widget_type=\"header_widget.default\">\n\t\t\t\t<div class=\"elementor-widget-container\">\n\t\t\t\t\t<section class=\"hero-section js-hero-section home  \">\n    <img decoding=\"async\" alt=\"\" class=\"background-image\" src=\"https:\/\/lawash.es\/masterlawash\/wp-content\/uploads\/2025\/04\/Ventajas-del-Negocio-La-Wash.jpg\" \/>\n    <div class=\"background-gradient\"><\/div>\n          <div class=\"background-darker\"><\/div>\n        <div class=\"lawash-container hero-container\">\n        <div class=\"hero-info hero-info--mid-title\">\n\n                            <div class=\"hero-info__breadcrumbs breadcrumbs\">\n    <a href=\"https:\/\/lawash.es\/masterlawash\" title=\"Inicio\" class=\"hero-info__breadcrumb-link breadcrumb-link\">Inicio<\/a>\n    <span class=\"hero-info__breadcrumb-divider breadcrumb-divider\">&nbsp;-&nbsp;<\/span>\n                        \n                <a title=\"Ventajas del Negocio\" href=\"https:\/\/lawash.es\/masterlawash\/ventajas-del-negocio\/\" class=\"hero-info__breadcrumb-link breadcrumb-link\">Ventajas del Negocio<\/a>\n            <\/div>\n            \n                            <h1 class=\"hero-info__pretitle title-4\">Ventajas en convertirse en Master Franquiciado de La Wash<\/h1>\n                <h2 class=\"hero-info__title title-1\">\n                    <span class=\"custom-text-highlight custom-text-highlight-1\"> Descubre<\/span>\n            <span class=\"custom-highlight custom-highlight-1\">\n              <img decoding=\"async\" alt=\"\" class=\"custom-highlight__img\" src=\"https:\/\/lawash.es\/masterlawash\/wp-content\/themes\/sage\/public\/img\/custom-highlight-1.233d55.svg\" \/>\n              <span class=\"custom-highlight__text\"> las ventajas<\/span>\n            <\/span>\n            <span class=\"custom-text-highlight custom-text-highlight-1\">el modelo de franquicia <br> La Wash<\/span>\n        \n                <\/h2>\n            \n\n            \n\n            \n                    <\/div>\n    <\/div>\n<\/section>\n\t\t\t\t<\/div>\n\t\t\t\t<\/div>\n\t\t\t\t\t<\/div>\n\t\t<\/div>\n\t\t\t\t\t<\/div>\n\t\t<\/section>\n\t\t\t\t<section class=\"elementor-section elementor-top-section elementor-element elementor-element-c83011d elementor-section-boxed elementor-section-height-default elementor-section-height-default\" data-id=\"c83011d\" data-element_type=\"section\">\n\t\t\t\t\t\t<div class=\"elementor-container elementor-column-gap-default\">\n\t\t\t\t\t<div class=\"elementor-column elementor-col-100 elementor-top-column elementor-element elementor-element-5f4d9a2\" data-id=\"5f4d9a2\" data-element_type=\"column\">\n\t\t\t<div class=\"elementor-widget-wrap elementor-element-populated\">\n\t\t\t\t\t\t<div class=\"elementor-element elementor-element-aea4d0e elementor-widget elementor-widget-image_with_text_widget\" data-id=\"aea4d0e\" data-element_type=\"widget\" data-widget_type=\"image_with_text_widget.default\">\n\t\t\t\t<div class=\"elementor-widget-container\">\n\t\t\t\t\t<section class=\"section-2-cols section-2-cols--full lawash-modulos-section \">\n\t<img decoding=\"async\" alt=\"\" class=\"section-2-cols__img-background\" src=\"https:\/\/lawash.es\/masterlawash\/wp-content\/uploads\/2025\/04\/La-Wash-Prime-Casanova-21-Barcelona-Lavadoras-Gigantes.jpg\" \/>\n\t<div class=\"lawash-container\">\n\t\t<div class=\"lawash-row\">\n\t\t\t<div class=\"lawash-col-6\">\n\t\t\t\t<div class=\"section-2-cols__info\">\n\n\t\t\t\t\t\n\t\t\t\t\t<h2 class=\"section-2-cols__title title-2\">Por qu\u00e9 invertir en La Wash <\/h2>\n\t\t\t\t\t<div class=\"w-100\"><\/div>\n\n\t\t\t\t\t\t\t\t\t\t<p class=\"section-2-cols__paragraph\">La Wash es una marca consolidada, con m\u00e1s de 400 lavander\u00edas autoservicio operativas. Su modelo es probado, escalable y altamente rentable.<br><br>Como Master Franquiciado, tendr\u00e1s exclusividad en tu pa\u00eds. Podr\u00e1s abrir tus propios centros y desarrollar una red de franquiciados locales.<br><br>Contar\u00e1s con el apoyo de nuestro equipo en todo momento. Te damos formaci\u00f3n, herramientas digitales, marketing y asistencia t\u00e9cnica.<br><br><strong>Invertir en La Wash es apostar por un futuro estable, moderno y con retorno.<\/p>\n\t\t\t\t\t\n\t\t\t\t\t\t\t\t\t\t<div class=\"section-2-cols__buttons\">\n\t\t\t\t\t\t\t\t\t\t\t\t\t\t\t\t\t\t\t\t<a title=\"\" href=\"https:\/\/lawash.es\/masterlawash\/contacto\/\" class=\"button-1\" >\n  Saber  m\u00e1s\n<\/a>\n\t\t\t\t\t\t\t\t\t\t\t<\/div>\n\t\t\t\t\t\t\t\t\t<\/div>\n\t\t\t<\/div>\n\t\t<\/div>\n\t<\/div>\n<\/section>\t\t\t\t<\/div>\n\t\t\t\t<\/div>\n\t\t\t\t<div class=\"elementor-element elementor-element-20404d8 elementor-widget elementor-widget-title_with_checks_widget\" data-id=\"20404d8\" data-element_type=\"widget\" data-widget_type=\"title_with_checks_widget.default\">\n\t\t\t\t<div class=\"elementor-widget-container\">\n\t\t\t\t\t<section class=\"section-2-cols section-2-cols--full consultancy-section\">\n  <div class=\"section-2-cols__left-background\"><\/div>\n  <div class=\"section-2-cols__right-background\"><\/div>\n  <div class=\"lawash-container\">\n    <div class=\"lawash-row\">\n      <div class=\"lawash-col-6 section-2-cols__left-background--mobile\">\n        <div class=\"section-2-cols__info-left align-content-between\">\n          <div>\n            <h2 class=\"section-2-cols__title title-2\">\n              Ventajas del negocio La Wash\n            <\/h2>\n            <div class=\"w-100\"><\/div>\n\n            <p class=\"section-2-cols__paragraph\">\n              Como Master Franquiciado, tienes la oportunidad de desarrollar una red s\u00f3lida de unidades propias y franquiciadas bajo exclusividad territorial.\n            <\/p>\n          <\/div>\n        <\/div>\n      <\/div>\n      <div class=\"lawash-col-6 section-2-cols__right-background--mobile\">\n        <div class=\"section-2-cols__info-right align-content-between\">\n                      <ul class=\"list-1\">\n                              <li class=\"list-1__item title-4\">\n  <h3>Modelo probado y consolidado<\/h3>\n<\/li>\n                              <li class=\"list-1__item title-4\">\n  <h3>Alta rentabilidad y bajo riesgo<\/h3>\n<\/li>\n                              <li class=\"list-1__item title-4\">\n  <h3>F\u00e1cil gesti\u00f3n y control remoto<\/h3>\n<\/li>\n                              <li class=\"list-1__item title-4\">\n  <h3>Apoyo integral y formaci\u00f3n continua<\/h3>\n<\/li>\n                              <li class=\"list-1__item title-4\">\n  <h3>Demanda creciente en el mercado<\/h3>\n<\/li>\n                              <li class=\"list-1__item title-4\">\n  <h3>Escalabilidad del modelo<\/h3>\n<\/li>\n                          <\/ul>\n                  <\/div>\n      <\/div>\n    <\/div>\n  <\/div>\n<\/section>\n\t\t\t\t<\/div>\n\t\t\t\t<\/div>\n\t\t\t\t\t<\/div>\n\t\t<\/div>\n\t\t\t\t\t<\/div>\n\t\t<\/section>\n\t\t\t\t<\/div>\n\t\t","protected":false},"excerpt":{"rendered":"<p>Inicio &nbsp;&#8211;&nbsp; Ventajas del Negocio Ventajas en convertirse en Master Franquiciado de La Wash Descubre las ventajas el modelo de franquicia La Wash Por qu\u00e9 invertir en La Wash La Wash es una marca consolidada, con m\u00e1s de 400 lavander\u00edas autoservicio operativas. Su modelo es probado, escalable y altamente rentable. Como Master Franquiciado, tendr\u00e1s exclusividad &hellip; <a href=\"https:\/\/lawash.es\/masterlawash\/ventajas-del-negocio\/\">Continued<\/a><\/p>\n","protected":false},"author":3,"featured_media":0,"parent":0,"menu_order":0,"comment_status":"closed","ping_status":"closed","template":"template-elementor.blade.php","meta":{"_acf_changed":false,"inline_featured_image":false,"footnotes":""},"class_list":["post-36","page","type-page","status-publish","hentry"],"acf":[],"yoast_head":"<!-- This site is optimized with the Yoast SEO plugin v25.0 - https:\/\/yoast.com\/wordpress\/plugins\/seo\/ -->\n<title>Ventajas del negocio | M\u00e1ster Franquicia La Wash<\/title>\n<meta name=\"description\" content=\"Descubre las ventajas de invertir en La Wash c\u00f3mo Master Franquiciado: modelo rentable, f\u00e1cil de gestionar, escalable y con alta demanda.\" \/>\n<meta name=\"robots\" content=\"index, follow, max-snippet:-1, max-image-preview:large, max-video-preview:-1\" \/>\n<link rel=\"canonical\" href=\"https:\/\/lawash.es\/masterlawash\/ventajas-del-negocio\/\" \/>\n<meta property=\"og:locale\" content=\"es_ES\" \/>\n<meta property=\"og:type\" content=\"article\" \/>\n<meta property=\"og:title\" content=\"Ventajas del negocio | M\u00e1ster Franquicia La Wash\" \/>\n<meta property=\"og:description\" content=\"Descubre las ventajas de invertir en La Wash c\u00f3mo Master Franquiciado: modelo rentable, f\u00e1cil de gestionar, escalable y con alta demanda.\" \/>\n<meta property=\"og:url\" content=\"https:\/\/lawash.es\/masterlawash\/ventajas-del-negocio\/\" \/>\n<meta property=\"og:site_name\" content=\"Master La Wash\" \/>\n<meta property=\"article:modified_time\" content=\"2025-05-06T11:30:16+00:00\" \/>\n<meta property=\"og:image\" content=\"https:\/\/lawash.es\/masterlawash\/wp-content\/uploads\/2025\/04\/Ventajas-del-Negocio-La-Wash.jpg\" \/>\n<meta name=\"twitter:card\" content=\"summary_large_image\" \/>\n<meta name=\"twitter:label1\" content=\"Tiempo de lectura\" \/>\n\t<meta name=\"twitter:data1\" content=\"2 minutos\" \/>\n<!-- \/ Yoast SEO plugin. -->","yoast_head_json":{"title":"Ventajas del negocio | M\u00e1ster Franquicia La Wash","description":"Descubre las ventajas de invertir en La Wash c\u00f3mo Master Franquiciado: modelo rentable, f\u00e1cil de gestionar, escalable y con alta demanda.","robots":{"index":"index","follow":"follow","max-snippet":"max-snippet:-1","max-image-preview":"max-image-preview:large","max-video-preview":"max-video-preview:-1"},"canonical":"https:\/\/lawash.es\/masterlawash\/ventajas-del-negocio\/","og_locale":"es_ES","og_type":"article","og_title":"Ventajas del negocio | M\u00e1ster Franquicia La Wash","og_description":"Descubre las ventajas de invertir en La Wash c\u00f3mo Master Franquiciado: modelo rentable, f\u00e1cil de gestionar, escalable y con alta demanda.","og_url":"https:\/\/lawash.es\/masterlawash\/ventajas-del-negocio\/","og_site_name":"Master La Wash","article_modified_time":"2025-05-06T11:30:16+00:00","og_image":[{"url":"https:\/\/lawash.es\/masterlawash\/wp-content\/uploads\/2025\/04\/Ventajas-del-Negocio-La-Wash.jpg","type":"","width":"","height":""}],"twitter_card":"summary_large_image","twitter_misc":{"Tiempo de lectura":"2 minutos"},"schema":{"@context":"https:\/\/schema.org","@graph":[{"@type":"WebPage","@id":"https:\/\/lawash.es\/masterlawash\/ventajas-del-negocio\/","url":"https:\/\/lawash.es\/masterlawash\/ventajas-del-negocio\/","name":"Ventajas del negocio | M\u00e1ster Franquicia La Wash","isPartOf":{"@id":"https:\/\/lawash.es\/masterlawash\/#website"},"primaryImageOfPage":{"@id":"https:\/\/lawash.es\/masterlawash\/ventajas-del-negocio\/#primaryimage"},"image":{"@id":"https:\/\/lawash.es\/masterlawash\/ventajas-del-negocio\/#primaryimage"},"thumbnailUrl":"https:\/\/lawash.es\/masterlawash\/wp-content\/uploads\/2025\/04\/Ventajas-del-Negocio-La-Wash.jpg","datePublished":"2025-03-15T12:24:19+00:00","dateModified":"2025-05-06T11:30:16+00:00","description":"Descubre las ventajas de invertir en La Wash c\u00f3mo Master Franquiciado: modelo rentable, f\u00e1cil de gestionar, escalable y con alta demanda.","breadcrumb":{"@id":"https:\/\/lawash.es\/masterlawash\/ventajas-del-negocio\/#breadcrumb"},"inLanguage":"es","potentialAction":[{"@type":"ReadAction","target":["https:\/\/lawash.es\/masterlawash\/ventajas-del-negocio\/"]}]},{"@type":"ImageObject","inLanguage":"es","@id":"https:\/\/lawash.es\/masterlawash\/ventajas-del-negocio\/#primaryimage","url":"https:\/\/lawash.es\/masterlawash\/wp-content\/uploads\/2025\/04\/Ventajas-del-Negocio-La-Wash.jpg","contentUrl":"https:\/\/lawash.es\/masterlawash\/wp-content\/uploads\/2025\/04\/Ventajas-del-Negocio-La-Wash.jpg","width":1920,"height":1280,"caption":"Ventajas La Wash para Master Franquicia"},{"@type":"BreadcrumbList","@id":"https:\/\/lawash.es\/masterlawash\/ventajas-del-negocio\/#breadcrumb","itemListElement":[{"@type":"ListItem","position":1,"name":"Portada","item":"https:\/\/lawash.es\/masterlawash\/"},{"@type":"ListItem","position":2,"name":"Ventajas del negocio"}]},{"@type":"WebSite","@id":"https:\/\/lawash.es\/masterlawash\/#website","url":"https:\/\/lawash.es\/masterlawash\/","name":"La Wash","description":"Master Franquicia La Wash","potentialAction":[{"@type":"SearchAction","target":{"@type":"EntryPoint","urlTemplate":"https:\/\/lawash.es\/masterlawash\/?s={search_term_string}"},"query-input":{"@type":"PropertyValueSpecification","valueRequired":true,"valueName":"search_term_string"}}],"inLanguage":"es"}]}},"_links":{"self":[{"href":"https:\/\/lawash.es\/masterlawash\/wp-json\/wp\/v2\/pages\/36","targetHints":{"allow":["GET"]}}],"collection":[{"href":"https:\/\/lawash.es\/masterlawash\/wp-json\/wp\/v2\/pages"}],"about":[{"href":"https:\/\/lawash.es\/masterlawash\/wp-json\/wp\/v2\/types\/page"}],"author":[{"embeddable":true,"href":"https:\/\/lawash.es\/masterlawash\/wp-json\/wp\/v2\/users\/3"}],"replies":[{"embeddable":true,"href":"https:\/\/lawash.es\/masterlawash\/wp-json\/wp\/v2\/comments?post=36"}],"version-history":[{"count":0,"href":"https:\/\/lawash.es\/masterlawash\/wp-json\/wp\/v2\/pages\/36\/revisions"}],"wp:attachment":[{"href":"https:\/\/lawash.es\/masterlawash\/wp-json\/wp\/v2\/media?parent=36"}],"curies":[{"name":"wp","href":"https:\/\/api.w.org\/{rel}","templated":true}]}}