{"id":57,"date":"2025-03-15T13:29:00","date_gmt":"2025-03-15T12:29:00","guid":{"rendered":"https:\/\/lawash.es\/masterlawash\/?page_id=57"},"modified":"2025-06-20T12:27:15","modified_gmt":"2025-06-20T10:27:15","slug":"modelos-de-franquicia-de-lavanderia","status":"publish","type":"page","link":"https:\/\/lawash.es\/masterlawash\/modelos-de-franquicia-de-lavanderia\/","title":{"rendered":"Modelos de franquicia de lavander\u00eda"},"content":{"rendered":"\t\t<div data-elementor-type=\"wp-page\" data-elementor-id=\"57\" class=\"elementor elementor-57\" data-elementor-post-type=\"page\">\n\t\t\t\t\t\t<section class=\"elementor-section elementor-top-section elementor-element elementor-element-4ef6bb6 elementor-section-boxed elementor-section-height-default elementor-section-height-default\" data-id=\"4ef6bb6\" data-element_type=\"section\">\n\t\t\t\t\t\t<div class=\"elementor-container elementor-column-gap-default\">\n\t\t\t\t\t<div class=\"elementor-column elementor-col-100 elementor-top-column elementor-element elementor-element-3803d7d\" data-id=\"3803d7d\" data-element_type=\"column\">\n\t\t\t<div class=\"elementor-widget-wrap elementor-element-populated\">\n\t\t\t\t\t\t<div class=\"elementor-element elementor-element-dee0a75 elementor-widget elementor-widget-header_widget\" data-id=\"dee0a75\" data-element_type=\"widget\" data-widget_type=\"header_widget.default\">\n\t\t\t\t<div class=\"elementor-widget-container\">\n\t\t\t\t\t<section class=\"hero-section js-hero-section home  no-disclaimer\">\n    <img decoding=\"async\" alt=\"\" class=\"background-image\" src=\"https:\/\/lawash.es\/masterlawash\/wp-content\/uploads\/2025\/05\/Modelos-de-Franquicia-de-Lavanderia-La-Wash.jpg\" \/>\n    <div class=\"background-gradient\"><\/div>\n        <div class=\"lawash-container hero-container\">\n        <div class=\"hero-info hero-info--extralong-title\">\n\n                            <div class=\"hero-info__breadcrumbs breadcrumbs\">\n    <a href=\"https:\/\/lawash.es\/masterlawash\" title=\"Inicio\" class=\"hero-info__breadcrumb-link breadcrumb-link\">Inicio<\/a>\n    <span class=\"hero-info__breadcrumb-divider breadcrumb-divider\">&nbsp;-&nbsp;<\/span>\n                        \n                <a title=\"Modelos de Franquic\u00eda de Lavander\u00eda\" href=\"https:\/\/lawash.es\/masterlawash\/modelos-de-franquicia-de-lavanderia\/\" class=\"hero-info__breadcrumb-link breadcrumb-link\">Modelos de Franquic\u00eda de Lavander\u00eda<\/a>\n            <\/div>\n            \n                            <h1 class=\"hero-info__pretitle title-4\">Gestiona y expande La Wash en tu pa\u00eds con exclusividad<\/h1>\n                <h2 class=\"hero-info__title title-1\">\n                    <span class=\"custom-text-highlight custom-text-highlight-1\"> Nuestros<\/span>\n            <span class=\"custom-highlight custom-highlight-1\">\n              <img decoding=\"async\" alt=\"\" class=\"custom-highlight__img\" src=\"https:\/\/lawash.es\/masterlawash\/wp-content\/themes\/sage\/public\/img\/custom-highlight-1.233d55.svg\" \/>\n              <span class=\"custom-highlight__text\">modelos de Franquicia <\/span>\n            <\/span>\n            <span class=\"custom-text-highlight custom-text-highlight-1\">de Lavander\u00eda La Wash<\/span>\n        \n                <\/h2>\n            \n\n            \n\n            \n                            <div class=\"\">\n                                                                    <a title=\"Solicita informaci\u00f3n\" class=\"hero-info__button button-1\"\n                            href=\"https:\/\/lawash.es\/masterlawash\/contacto\/\">Solicita informaci\u00f3n<\/a>\n                                    <\/div>\n                    <\/div>\n    <\/div>\n<\/section>\n\t\t\t\t<\/div>\n\t\t\t\t<\/div>\n\t\t\t\t<div class=\"elementor-element elementor-element-83ff051 elementor-widget elementor-widget-title_with_arrow_widget\" data-id=\"83ff051\" data-element_type=\"widget\" data-widget_type=\"title_with_arrow_widget.default\">\n\t\t\t\t<div class=\"elementor-widget-container\">\n\t\t\t\t\t<section class=\"section-centered-cols\">\n  <div class=\"lawash-full-container solution-section pr-2 pl-2\">\n    <div class=\"lawash-row\">\n      <div class=\"lawash-col-12\">\n        <h2 class=\"section-auto-cols__title title-2\">\n          <span class=\"custom-text-highlight custom-text-highlight-5\"> Modelos de lavander\u00eda autoservicio<\/span>\n            <span class=\"custom-highlight custom-underline-1\">\n              <img decoding=\"async\" alt=\"\" class=\"custom-highlight__img\" src=\"https:\/\/lawash.es\/masterlawash\/wp-content\/themes\/sage\/public\/img\/custom-underline-4.9ff3ef.svg\" \/>\n              <span class=\"custom-highlight__text\">La Wash<\/span>\n            <\/span>\n            <span class=\"custom-text-highlight custom-text-highlight-5\"><br\/> para Master Franquiciados<\/span>\n        \n        <\/h2>\n              <\/div>\n    <\/div>\n    <div class=\"lawash-row\">\n      <div class=\"lawash-col-12\">\n        <div class=\"d-flex justify-content-center arrow-down\">\n          <img decoding=\"async\" alt=\"\" src=\"https:\/\/lawash.es\/masterlawash\/wp-content\/themes\/sage\/public\/img\/blue-arrow-down.5dbce7.svg\" \/>\n        <\/div>\n      <\/div>\n    <\/div>\n  <\/div>\n<\/section>\n\t\t\t\t<\/div>\n\t\t\t\t<\/div>\n\t\t\t\t<div class=\"elementor-element elementor-element-690cbdc elementor-widget elementor-widget-image_with_text_widget\" data-id=\"690cbdc\" data-element_type=\"widget\" data-widget_type=\"image_with_text_widget.default\">\n\t\t\t\t<div class=\"elementor-widget-container\">\n\t\t\t\t\t<section class=\"section-2-cols section-2-cols--full lawash-modulos-section \">\n\t<img decoding=\"async\" alt=\"\" class=\"section-2-cols__img-background\" src=\"https:\/\/lawash.es\/masterlawash\/wp-content\/uploads\/2024\/10\/modulo-go.7bfd92.jpg\" \/>\n\t<div class=\"lawash-container\">\n\t\t<div class=\"lawash-row\">\n\t\t\t<div class=\"lawash-col-6\">\n\t\t\t\t<div class=\"section-2-cols__info\">\n\n\t\t\t\t\t\t\t\t\t\t\t\t\t\t\t\t\t<h3 class=\"section-2-cols__pretitle title-4\">\n\t\t\t\t\t\t\tLa Wash GO\n\t\t\t\t\t\t<\/h3>\n\t\t\t\t\t\t\t\t\t\t\t\n\t\t\t\t\t<h2 class=\"section-2-cols__title title-2\">Lavander\u00eda modular<br> monta una La Wash en cualquier parte<\/h2>\n\t\t\t\t\t<div class=\"w-100\"><\/div>\n\n\t\t\t\t\t\t\t\t\t\t<p class=\"section-2-cols__paragraph\"><strong data-start=\"107\" data-end=\"166\">La Wash Go: lavander\u00eda autoservicio modular y escalable<\/strong><br><br>La Wash Go es la soluci\u00f3n ideal para emprender con una lavander\u00eda autoservicio 100% aut\u00f3noma.<br><br>Su formato modular permite instalar los equipos en ubicaciones de alta afluencia, como supermercados, gasolineras o centros comerciales, y ampliar la instalaci\u00f3n seg\u00fan la demanda, sin necesidad de una gran inversi\u00f3n inicial.<br><br>Con gesti\u00f3n simplificada, instalaci\u00f3n r\u00e1pida y tecnolog\u00eda eficiente y sostenible, es un modelo pensado para crecer contigo.<\/p>\n\t\t\t\t\t\n\t\t\t\t\t\t\t\t\t\t<div class=\"section-2-cols__buttons\">\n\t\t\t\t\t\t\t\t\t\t\t\t\t\t\t\t\t\t\t\t<a title=\"M\u00e1s informaci\u00f3n\" href=\"https:\/\/lawash.es\/masterlawash\/contacto\/\" class=\"button-1\" >\n  M\u00e1s informaci\u00f3n\n<\/a>\n\t\t\t\t\t\t\t\t\t\t\t<\/div>\n\t\t\t\t\t\t\t\t\t<\/div>\n\t\t\t<\/div>\n\t\t<\/div>\n\t<\/div>\n<\/section>\t\t\t\t<\/div>\n\t\t\t\t<\/div>\n\t\t\t\t<div class=\"elementor-element elementor-element-7dbc7a9 elementor-widget elementor-widget-image_with_text_widget\" data-id=\"7dbc7a9\" data-element_type=\"widget\" data-widget_type=\"image_with_text_widget.default\">\n\t\t\t\t<div class=\"elementor-widget-container\">\n\t\t\t\t\t<section class=\"section-2-cols section-2-cols--full lawash-modulos-section section-2-cols--inverse\">\n\t<img decoding=\"async\" alt=\"\" class=\"section-2-cols__img-background\" src=\"https:\/\/lawash.es\/masterlawash\/wp-content\/uploads\/2024\/10\/modulo-core.31ef5a-1.jpg\" \/>\n\t<div class=\"lawash-container\">\n\t\t<div class=\"lawash-row\">\n\t\t\t<div class=\"lawash-col-6\">\n\t\t\t\t<div class=\"section-2-cols__info\">\n\n\t\t\t\t\t\t\t\t\t\t\t\t\t\t\t\t\t<h3 class=\"section-2-cols__pretitle title-4\">\n\t\t\t\t\t\t\tLa Wash Core\n\t\t\t\t\t\t<\/h3>\n\t\t\t\t\t\t\t\t\t\t\t\n\t\t\t\t\t<h2 class=\"section-2-cols__title title-2\">Lavander\u00eda urbana <br>100% self-service<\/h2>\n\t\t\t\t\t<div class=\"w-100\"><\/div>\n\n\t\t\t\t\t\t\t\t\t\t<p class=\"section-2-cols__paragraph\"><strong data-start=\"118\" data-end=\"194\">La Wash Core: el modelo de lavander\u00eda autoservicio l\u00edder en el d\u00eda a d\u00eda<\/strong><br><br>La Wash Core es la f\u00f3rmula de \u00e9xito consolidada en el sector del lavado diario.<br><br>Con una inversi\u00f3n accesible, alta rentabilidad y equipos de \u00faltima generaci\u00f3n, ofrece una experiencia eficiente, sostenible y sin necesidad de personal.<br><br>Adaptable a cada ubicaci\u00f3n y operativa 365 d\u00edas al a\u00f1o, es la opci\u00f3n ideal para emprendedores que buscan un negocio fiable y con demanda constante.<\/p>\n\t\t\t\t\t\n\t\t\t\t\t\t\t\t\t\t<div class=\"section-2-cols__buttons\">\n\t\t\t\t\t\t\t\t\t\t\t\t\t\t\t\t\t\t\t\t<a title=\"M\u00e1s informaci\u00f3n\" href=\"https:\/\/lawash.es\/masterlawash\/contacto\/\" class=\"button-1\" >\n  M\u00e1s informaci\u00f3n\n<\/a>\n\t\t\t\t\t\t\t\t\t\t\t<\/div>\n\t\t\t\t\t\t\t\t\t<\/div>\n\t\t\t<\/div>\n\t\t<\/div>\n\t<\/div>\n<\/section>\t\t\t\t<\/div>\n\t\t\t\t<\/div>\n\t\t\t\t<div class=\"elementor-element elementor-element-0575ebc elementor-widget elementor-widget-image_with_text_widget\" data-id=\"0575ebc\" data-element_type=\"widget\" data-widget_type=\"image_with_text_widget.default\">\n\t\t\t\t<div class=\"elementor-widget-container\">\n\t\t\t\t\t<section class=\"section-2-cols section-2-cols--full lawash-modulos-section \">\n\t<img decoding=\"async\" alt=\"\" class=\"section-2-cols__img-background\" src=\"https:\/\/lawash.es\/masterlawash\/wp-content\/uploads\/2025\/04\/La-Wash-Prime-Casanova-21-Barcelona-Haz-la-colada.jpg\" \/>\n\t<div class=\"lawash-container\">\n\t\t<div class=\"lawash-row\">\n\t\t\t<div class=\"lawash-col-6\">\n\t\t\t\t<div class=\"section-2-cols__info\">\n\n\t\t\t\t\t\t\t\t\t\t\t\t\t\t\t\t\t<h3 class=\"section-2-cols__pretitle title-4\">\n\t\t\t\t\t\t\tLa Wash Prime\n\t\t\t\t\t\t<\/h3>\n\t\t\t\t\t\t\t\t\t\t\t\n\t\t\t\t\t<h2 class=\"section-2-cols__title title-2\">Lavander\u00eda Premium <br>pensada para <br>grandes inversores<\/h2>\n\t\t\t\t\t<div class=\"w-100\"><\/div>\n\n\t\t\t\t\t\t\t\t\t\t<p class=\"section-2-cols__paragraph\"><strong data-start=\"119\" data-end=\"197\">La Wash Prime: lavander\u00eda multiservicio de alta gama y m\u00e1xima rentabilidad<\/strong><br><br>La Wash Prime eleva la experiencia del autoservicio con un concepto innovador, tecnol\u00f3gico y altamente rentable.<br><br>Dise\u00f1ado para ofrecer un entorno c\u00f3modo, moderno y multiservicio, combina eficiencia, sostenibilidad y atenci\u00f3n premium.<br><br>Con servicios como lavado asistido, lockers automatizados, zonas de caf\u00e9 y vending, y gesti\u00f3n digital avanzada, Prime es la franquicia ideal para quienes buscan un negocio diferenciado y con alto potencial de crecimiento.<\/p>\n\t\t\t\t\t\n\t\t\t\t\t\t\t\t\t\t<div class=\"section-2-cols__buttons\">\n\t\t\t\t\t\t\t\t\t\t\t\t\t\t\t\t\t\t\t\t<a title=\"M\u00e1s informaci\u00f3n\" href=\"https:\/\/lawash.es\/masterlawash\/contacto\/\" class=\"button-1\" >\n  M\u00e1s informaci\u00f3n\n<\/a>\n\t\t\t\t\t\t\t\t\t\t\t<\/div>\n\t\t\t\t\t\t\t\t\t<\/div>\n\t\t\t<\/div>\n\t\t<\/div>\n\t<\/div>\n<\/section>\t\t\t\t<\/div>\n\t\t\t\t<\/div>\n\t\t\t\t<div class=\"elementor-element elementor-element-c920c11 elementor-widget elementor-widget-text_boxes_widget\" data-id=\"c920c11\" data-element_type=\"widget\" data-widget_type=\"text_boxes_widget.default\">\n\t\t\t\t<div class=\"elementor-widget-container\">\n\t\t\t\t\t<section class=\"section-centered-cols election-section\">\n  <div class=\"lawash-container\">\n    <div class=\"lawash-row\">\n      <div class=\"lawash-col-12\">\n        <h2 class=\"section-auto-cols__title title-2\">          \n          <span class=\"custom-text-highlight custom-text-highlight-5\"> Modelo de \u00e9xito La Wash <br><\/span>\n            <span class=\"custom-highlight custom-underline-2\">\n              <img decoding=\"async\" alt=\"\" class=\"custom-highlight__img\" src=\"https:\/\/lawash.es\/masterlawash\/wp-content\/themes\/sage\/public\/img\/custom-underline-2.60c284.svg\" \/>\n              <span class=\"custom-highlight__text\">Nuestra Propuesta<\/span>\n            <\/span>\n            <span class=\"custom-text-highlight custom-text-highlight-5\"><\/span>\n        \n        <\/h2>\n      <\/div>\n          <\/div>\n        <div class=\"lawash-row pill-box-row\">\n              <div class=\"lawash-col-3\">\n  <div class=\"pill-box\">\n    <h3 class=\"pill-box__title title-4\">Modelo probado y exitoso<\/h3>\n    <p class=\"pill-box__paragraph paragraph-1\">La Wash cuenta con m\u00e1s de 400 lavander\u00edas operativas y un sistema de franquicia consolidado, que garantiza estabilidad, escalabilidad y retorno comprobado.<\/p>\n  <\/div>\n<\/div>\n              <div class=\"lawash-col-3\">\n  <div class=\"pill-box\">\n    <h3 class=\"pill-box__title title-4\">Negocio altamente rentable<\/h3>\n    <p class=\"pill-box__paragraph paragraph-1\">Un modelo autoservicio sin personal, automatizado y eficiente, que reduce costes operativos y permite una alta rentabilidad con m\u00ednima dedicaci\u00f3n diaria.<\/p>\n  <\/div>\n<\/div>\n              <div class=\"lawash-col-3\">\n  <div class=\"pill-box\">\n    <h3 class=\"pill-box__title title-4\">Formaci\u00f3n y soporte continuo<\/h3>\n    <p class=\"pill-box__paragraph paragraph-1\">Acompa\u00f1amiento experto en cada etapa del negocio: formaci\u00f3n inicial, soporte en tecnolog\u00eda, expansi\u00f3n, marketing y gesti\u00f3n operativa.<\/p>\n  <\/div>\n<\/div>\n          <\/div>\n      <\/div>\n<\/section>\n\t\t\t\t<\/div>\n\t\t\t\t<\/div>\n\t\t\t\t<div class=\"elementor-element elementor-element-e7b10bc elementor-widget elementor-widget-banner_title_description_button_widget\" data-id=\"e7b10bc\" data-element_type=\"widget\" data-widget_type=\"banner_title_description_button_widget.default\">\n\t\t\t\t<div class=\"elementor-widget-container\">\n\t\t\t\t\t<section class=\"section-centered-cols franquicia-section\">\n    <img decoding=\"async\" alt=\"\" class=\"background-image\" src=\"https:\/\/lawash.es\/masterlawash\/wp-content\/uploads\/2024\/10\/nosotros.710364.jpg\">\n    <div class=\"lawash-container\">\n        <div class=\"lawash-row\">\n            <div class=\"lawash-col-12\">\n                                <h2 class=\"franquicia-section__title title-1\" >\n                    Expande La Wash en tu pa\u00eds con exclusividad\n                <\/h2>\n            <\/div>\n                        \n                            <div class=\"lawash-col-12\">\n                    <div class=\"section-centered-cols__buttons\">\n                                                                                <a title=\"Solicita una reuni\u00f3n personalizada para conocer m\u00e1s detalles\" href=\"https:\/\/lawash.es\/masterlawash\/contacto\/\" class=\"button-1\" >\n  Solicita una reuni\u00f3n personalizada para conocer m\u00e1s detalles\n<\/a>\n                                            <\/div>\n                <\/div>\n                    <\/div>\n    <\/div>\n<\/section>\n\t\t\t\t<\/div>\n\t\t\t\t<\/div>\n\t\t\t\t\t<\/div>\n\t\t<\/div>\n\t\t\t\t\t<\/div>\n\t\t<\/section>\n\t\t\t\t<\/div>\n\t\t","protected":false},"excerpt":{"rendered":"<p>Inicio &nbsp;&#8211;&nbsp; Modelos de Franquic\u00eda de Lavander\u00eda Gestiona y expande La Wash en tu pa\u00eds con exclusividad Nuestros modelos de Franquicia de Lavander\u00eda La Wash Solicita informaci\u00f3n Modelos de lavander\u00eda autoservicio La Wash para Master Franquiciados La Wash GO Lavander\u00eda modular monta una La Wash en cualquier parte La Wash Go: lavander\u00eda autoservicio modular y &hellip; <a href=\"https:\/\/lawash.es\/masterlawash\/modelos-de-franquicia-de-lavanderia\/\">Continued<\/a><\/p>\n","protected":false},"author":3,"featured_media":0,"parent":0,"menu_order":0,"comment_status":"closed","ping_status":"closed","template":"template-elementor.blade.php","meta":{"_acf_changed":false,"inline_featured_image":false,"footnotes":""},"class_list":["post-57","page","type-page","status-publish","hentry"],"acf":[],"yoast_head":"<!-- This site is optimized with the Yoast SEO plugin v25.0 - https:\/\/yoast.com\/wordpress\/plugins\/seo\/ -->\n<title>Modelos de franquicia de lavander\u00eda | M\u00e1ster Franquicia La Wash<\/title>\n<meta name=\"description\" content=\"La Wash para Master franquiciados: Go, Core y Prime. Lavander\u00edas autoservicio rentables, sostenibles y adaptadas a cada tipo de inversi\u00f3n.\" \/>\n<meta name=\"robots\" content=\"index, follow, max-snippet:-1, max-image-preview:large, max-video-preview:-1\" \/>\n<link rel=\"canonical\" href=\"https:\/\/lawash.es\/masterlawash\/modelos-de-franquicia-de-lavanderia\/\" \/>\n<meta property=\"og:locale\" content=\"es_ES\" \/>\n<meta property=\"og:type\" content=\"article\" \/>\n<meta property=\"og:title\" content=\"Modelos de franquicia de lavander\u00eda | M\u00e1ster Franquicia La Wash\" \/>\n<meta property=\"og:description\" content=\"La Wash para Master franquiciados: Go, Core y Prime. Lavander\u00edas autoservicio rentables, sostenibles y adaptadas a cada tipo de inversi\u00f3n.\" \/>\n<meta property=\"og:url\" content=\"https:\/\/lawash.es\/masterlawash\/modelos-de-franquicia-de-lavanderia\/\" \/>\n<meta property=\"og:site_name\" content=\"Master La Wash\" \/>\n<meta property=\"article:modified_time\" content=\"2025-06-20T10:27:15+00:00\" \/>\n<meta property=\"og:image\" content=\"https:\/\/lawash.es\/masterlawash\/wp-content\/uploads\/2025\/05\/Modelos-de-Franquicia-de-Lavanderia-La-Wash.jpg\" \/>\n<meta name=\"twitter:card\" content=\"summary_large_image\" \/>\n<meta name=\"twitter:label1\" content=\"Tiempo de lectura\" \/>\n\t<meta name=\"twitter:data1\" content=\"4 minutos\" \/>\n<!-- \/ Yoast SEO plugin. -->","yoast_head_json":{"title":"Modelos de franquicia de lavander\u00eda | M\u00e1ster Franquicia La Wash","description":"La Wash para Master franquiciados: Go, Core y Prime. Lavander\u00edas autoservicio rentables, sostenibles y adaptadas a cada tipo de inversi\u00f3n.","robots":{"index":"index","follow":"follow","max-snippet":"max-snippet:-1","max-image-preview":"max-image-preview:large","max-video-preview":"max-video-preview:-1"},"canonical":"https:\/\/lawash.es\/masterlawash\/modelos-de-franquicia-de-lavanderia\/","og_locale":"es_ES","og_type":"article","og_title":"Modelos de franquicia de lavander\u00eda | M\u00e1ster Franquicia La Wash","og_description":"La Wash para Master franquiciados: Go, Core y Prime. Lavander\u00edas autoservicio rentables, sostenibles y adaptadas a cada tipo de inversi\u00f3n.","og_url":"https:\/\/lawash.es\/masterlawash\/modelos-de-franquicia-de-lavanderia\/","og_site_name":"Master La Wash","article_modified_time":"2025-06-20T10:27:15+00:00","og_image":[{"url":"https:\/\/lawash.es\/masterlawash\/wp-content\/uploads\/2025\/05\/Modelos-de-Franquicia-de-Lavanderia-La-Wash.jpg","type":"","width":"","height":""}],"twitter_card":"summary_large_image","twitter_misc":{"Tiempo de lectura":"4 minutos"},"schema":{"@context":"https:\/\/schema.org","@graph":[{"@type":"WebPage","@id":"https:\/\/lawash.es\/masterlawash\/modelos-de-franquicia-de-lavanderia\/","url":"https:\/\/lawash.es\/masterlawash\/modelos-de-franquicia-de-lavanderia\/","name":"Modelos de franquicia de lavander\u00eda | M\u00e1ster Franquicia La Wash","isPartOf":{"@id":"https:\/\/lawash.es\/masterlawash\/#website"},"primaryImageOfPage":{"@id":"https:\/\/lawash.es\/masterlawash\/modelos-de-franquicia-de-lavanderia\/#primaryimage"},"image":{"@id":"https:\/\/lawash.es\/masterlawash\/modelos-de-franquicia-de-lavanderia\/#primaryimage"},"thumbnailUrl":"https:\/\/lawash.es\/masterlawash\/wp-content\/uploads\/2025\/05\/Modelos-de-Franquicia-de-Lavanderia-La-Wash.jpg","datePublished":"2025-03-15T12:29:00+00:00","dateModified":"2025-06-20T10:27:15+00:00","description":"La Wash para Master franquiciados: Go, Core y Prime. Lavander\u00edas autoservicio rentables, sostenibles y adaptadas a cada tipo de inversi\u00f3n.","breadcrumb":{"@id":"https:\/\/lawash.es\/masterlawash\/modelos-de-franquicia-de-lavanderia\/#breadcrumb"},"inLanguage":"es","potentialAction":[{"@type":"ReadAction","target":["https:\/\/lawash.es\/masterlawash\/modelos-de-franquicia-de-lavanderia\/"]}]},{"@type":"ImageObject","inLanguage":"es","@id":"https:\/\/lawash.es\/masterlawash\/modelos-de-franquicia-de-lavanderia\/#primaryimage","url":"https:\/\/lawash.es\/masterlawash\/wp-content\/uploads\/2025\/05\/Modelos-de-Franquicia-de-Lavanderia-La-Wash.jpg","contentUrl":"https:\/\/lawash.es\/masterlawash\/wp-content\/uploads\/2025\/05\/Modelos-de-Franquicia-de-Lavanderia-La-Wash.jpg","width":1920,"height":1223},{"@type":"BreadcrumbList","@id":"https:\/\/lawash.es\/masterlawash\/modelos-de-franquicia-de-lavanderia\/#breadcrumb","itemListElement":[{"@type":"ListItem","position":1,"name":"Portada","item":"https:\/\/lawash.es\/masterlawash\/"},{"@type":"ListItem","position":2,"name":"Modelos de franquicia de lavander\u00eda"}]},{"@type":"WebSite","@id":"https:\/\/lawash.es\/masterlawash\/#website","url":"https:\/\/lawash.es\/masterlawash\/","name":"La Wash","description":"Master Franquicia La Wash","potentialAction":[{"@type":"SearchAction","target":{"@type":"EntryPoint","urlTemplate":"https:\/\/lawash.es\/masterlawash\/?s={search_term_string}"},"query-input":{"@type":"PropertyValueSpecification","valueRequired":true,"valueName":"search_term_string"}}],"inLanguage":"es"}]}},"_links":{"self":[{"href":"https:\/\/lawash.es\/masterlawash\/wp-json\/wp\/v2\/pages\/57","targetHints":{"allow":["GET"]}}],"collection":[{"href":"https:\/\/lawash.es\/masterlawash\/wp-json\/wp\/v2\/pages"}],"about":[{"href":"https:\/\/lawash.es\/masterlawash\/wp-json\/wp\/v2\/types\/page"}],"author":[{"embeddable":true,"href":"https:\/\/lawash.es\/masterlawash\/wp-json\/wp\/v2\/users\/3"}],"replies":[{"embeddable":true,"href":"https:\/\/lawash.es\/masterlawash\/wp-json\/wp\/v2\/comments?post=57"}],"version-history":[{"count":0,"href":"https:\/\/lawash.es\/masterlawash\/wp-json\/wp\/v2\/pages\/57\/revisions"}],"wp:attachment":[{"href":"https:\/\/lawash.es\/masterlawash\/wp-json\/wp\/v2\/media?parent=57"}],"curies":[{"name":"wp","href":"https:\/\/api.w.org\/{rel}","templated":true}]}}